uppose -197 = -4*r - 197. Suppose 4*i = -4*h + h - 3, -i + 5*h - 18 = 0. What are the prime factors of i + 5 + r + 116?
2, 59
Suppose -q - 5*g + 16 = -10, 2*g = 3*q - 163. Let p = -51 + q. What are the prime factors of (7 + 150)/(1 - p)?
157
Suppose -1227*s = -1212*s - 417855. What are the prime factors of s?
89, 313
Suppose -36*o + 1161 = 153. Let j(a) = 3*a**2 - 31*a - 173. List the prime factors of j(o).
3, 19, 23
Let v(h) = -h**3 - 29*h**2 - 33*h - 134. Let w be v(-28). Let a(i) be the second derivative of 25*i**3/6 + 7*i**2/2 + i. What are the prime factors of a(w)?
157
Suppose -69*r + 722085 = -2*r + 2*r. List the prime factors of r.
5, 7, 13, 23
Suppose 2*h = -6, 4*o - 4*h = -0*h - 256. List the prime factors of (1793 + o)*(-1 - -2).
2, 863
Let b(k) be the second derivative of 2*k**4/3 + 17*k**3/6 + 9*k**2/2 - 42*k. List the prime factors of b(-4).
3, 23
Suppose 0 = -13358*v + 13357*v + 19671. List the prime factors of v.
3, 79, 83
Suppose 5*k - 120596 = u, 49*u = k + 44*u - 24100. List the prime factors of k.
2, 3, 5, 67
Let v(d) = -2*d**2 + 22*d - 26. Let j be v(9). List the prime factors of 14/j*(65 - (11 - 11)).
7, 13
Let i(m) = -12231*m**3 - 30*m**2 - 27*m + 4. What are the prime factors of i(-1)?
2, 11, 139
List the prime factors of (-1)/(((-2)/(-3))/((-5212)/3)).
2, 1303
Suppose 3*m = -0*j - 4*j + 72, -72 = -4*j - 2*m. Suppose -j*h + 152 = -14*h. Suppose 130 = 4*c - 2*o, 3*o + h = c - 2. List the prime factors of c.
31
Let o(y) = 2*y**3 + 18*y**2 - 12*y - 4. Let i be o(-8). Let d = i - -204. What are the prime factors of d?
2, 53
Let n be (-3665)/1 - 12/((-10)/5). Let z = -1653 - n. What are the prime factors of z?
2, 17, 59
Let g = -27 - -20. Let h(j) = j**2 - 4*j - 10. Let t be h(g). Suppose 18 = 5*m - t. What are the prime factors of m?
17
List the prime factors of ((-1 + 2)*-22)/(25 + (-294542)/11781).
2, 3, 7, 11
Let w be 5/5 - (-236)/(-1). Let z be (3/(-5))/(236/w + 1). Let h = -81 + z. What are the prime factors of h?
2, 3, 5
Let u = -1042 + 1523. Let v = -402 + u. List the prime factors of v.
79
Let v(a) = -2*a - 10. Let d be (-53)/5 + (-10)/25. Let q be v(d). Suppose -7*s - 415 = -q*s. List the prime factors of s.
83
Let m(p) = -8*p**2 - 24*p - 1. Let q be m(-3). List the prime factors of (-658)/(-2) - 9/q.
2, 13
Suppose 0 = -5*i + 30. Let b be (2*2/i)/(12/(-90)). What are the prime factors of 12*((-145)/3)/b?
2, 29
Let f = -32 + 36. Suppose 4*s = l + 2*l + 31, -5*l - 41 = -f*s. What are the prime factors of l - -1 - (-4 + 1050/(-6))?
5, 7
Let k = 57636 - 37773. What are the prime factors of k?
3, 2207
Suppose -4*y - 4*a - 4 = 0, 38 = 5*y + 4*a + 40. Suppose -10 = -y*s, -4*s = -g - 9*s + 674. List the prime factors of g.
11, 59
Suppose 5*z - 6*z - 5*q - 268 = 0, 2*z = 4*q - 606. Let h = z + 420. What are the prime factors of h?
127
Suppose -3*x - x + 20 = 3*v, -2*v + 2*x + 4 = 0. Suppose -5*q - v*f + 3036 = 0, q + 44*f = 48*f + 612. What are the prime factors of q?
2, 19
Suppose -39*v - 102 = -36*v. Let l = -29 - v. Suppose l*i - 130 - 5 = 0. List the prime factors of i.
3
Suppose -5*w - 4*f = -75420, 16*f - 19*f = 2*w - 30161. List the prime factors of w.
2, 23, 41
Let r = -1336 - -2083. Suppose 3*o + r = 3*s, 5*s - 4*s - 2*o = 246. What are the prime factors of s?
2, 3, 7
Suppose 5*v + 15 = 10*v. Suppose -2*u + 2*j + 1940 = v*u, 0 = -4*u - 4*j + 1580. Suppose 0 = 10*n - 5*n - u. List the prime factors of n.
2, 3, 13
Let s = -38032 + 55645. List the prime factors of s.
3, 19, 103
Suppose -t + 3*x = x + 4, -4*t + 2*x = -2. Suppose 0 = -5*y + 2*o + 1004, t*y + o = 2*o + 401. List the prime factors of y.
2, 101
Suppose 3*d - 4*h - 795 = 0, -13*d + 10*d + 816 = 3*h. Let f = d - -32. What are the prime factors of f?
7, 43
Suppose 220 = -301*w + 291*w. Let z(q) = 3*q**2 + 25*q + 71. List the prime factors of z(w).
7, 139
Let n(i) = -46*i - 743. What are the prime factors of n(-44)?
3, 7, 61
Let y be -1*(4 - 7) - 3. Suppose 2*a = 0, 3*a + 21 = l - y*a. Suppose -u = -6*s + s + l, s = u + 1. What are the prime factors of s?
5
What are the prime factors of (-4 - 1)*(-248843)/95?
7, 1871
Let i = 16 - 21. List the prime factors of (-2)/(-7) + ((-118481)/(-77) - i).
2, 193
List the prime factors of ((-156)/(-10))/26 + 27454/10.
2, 1373
Let j(v) = -556*v - 3995. List the prime factors of j(-65).
3, 5, 2143
Suppose 3*m + 3*s - 15 = 0, -6 = -5*m + s - 11. Suppose m = 97*p - 93*p - 88. List the prime factors of p.
2, 11
Suppose 3515754 + 884066 = 145*g - 49070. What are the prime factors of g?
2, 23, 29
Let r(z) = 16968*z**2 - 83*z + 84. What are the prime factors of r(1)?
71, 239
Let n(r) = 6*r**3 + r**2 - 7*r + 3. Let u be n(2). List the prime factors of (27 - u)/((-2)/14).
2, 7
Suppose -b - 4738 = -v, 2*v - v - 5*b - 4718 = 0. List the prime factors of v.
3, 17, 31
Suppose -2*p - 920 = 4*r, -2*r - 140 - 314 = 4*p. Let f = r - -450. List the prime factors of f.
3, 73
Let h(j) be the first derivative of 59*j**3/3 + 7*j**2/2 + 5*j + 17. What are the prime factors of h(-2)?
227
Let f(r) = 600*r - 29. Suppose 0*s + y = s - 1, -3 = -3*s + 2*y. What are the prime factors of f(s)?
571
Suppose -421*w - 31 - 7 = -422*w. What are the prime factors of w?
2, 19
Suppose -161 = 7*s - 21. Let d = -20 - s. Suppose -9*h + 431 + 694 = d. List the prime factors of h.
5
Suppose -271860 = 36*i - 266*i. List the prime factors of i.
2, 3, 197
Let p = -2440 + 4508. Suppose 5*o = 2*m - p, -2*m - 26*o = -24*o - 2068. List the prime factors of m.
2, 11, 47
Suppose m - 10607 + 4290 = 10596. List the prime factors of m.
13, 1301
Let m = 788 + -224. Let u = 570 - m. What are the prime factors of u?
2, 3
Suppose 3*j - 21 = 3*z, 5*j + 39 = 10*j - z. Let i(a) = 217*a - 33. What are the prime factors of i(j)?
13, 131
Let m = -14 + 17. Suppose -5 = -3*d - 2*d, -5*s - m*d = -73. Let j(o) = 3*o + 42. What are the prime factors of j(s)?
2, 3, 7
Let i(w) = 39315*w. What are the prime factors of i(1)?
3, 5, 2621
Suppose 15*r - 11*r = 5*c - 22, 0 = 3*r + 2*c + 5. Let p(f) = -13*f**3 + 3*f + 1. What are the prime factors of p(r)?
7
Suppose -5*k - 125027 = -20*k - 9872. List the prime factors of k.
3, 853
Let q(p) = p**3 - 22*p**2 + 15*p + 24. Let t(d) = -d**3 + 21*d**2 - 16*d - 24. Let k(z) = -3*q(z) - 4*t(z). What are the prime factors of k(17)?
2, 29
Let h(f) = -5*f**3 + f**2 + 3*f + 2. Let r be 48/10 - 2/10*-1. Let n be 1/2 + r/10 - 4. What are the prime factors of h(n)?
137
Let v(k) = -334*k + 2457. What are the prime factors of v(-49)?
7, 2689
Suppose 5*d + 18*l = 21*l + 16954, 5*l = d - 3404. What are the prime factors of d?
3389
Let s be (-2 + (3 - -3))*((-2193)/(-68))/43. Suppose 2*r = -u + 13, -u - 2*u = -2*r - 7. Suppose 10 = u*g, -h = -s*g + 5*g - 218. List the prime factors of h.
2, 107
Let i = -65 - -80. Let o be 24/i*(-10)/(-4). What are the prime factors of 73 + 2/o*-8?
3, 23
Let q = 2307 - 1095. List the prime factors of (q/15)/(-3*(-2)/15).
2, 101
Let b = -427 + 433. Suppose b*g - 1107 = -33. What are the prime factors of g?
179
Let x = 306 + -286. Suppose -5*u + 5*o + 1455 = 0, x*o = -5*u + 21*o + 1475. What are the prime factors of u?
2, 37
Suppose 0 = 4*t + 3*a - 54116, 13*t = 11*t - 5*a + 27072. List the prime factors of t.
2, 6763
Suppose -3*l = l + 9*s - 34, 2*s - 4 = 0. Suppose -5*i = -2*i. Suppose l*w + 101 - 765 = i. What are the prime factors of w?
2, 83
Let n(g) be the second derivative of g**5/20 + 11*g**4/12 - 6*g**2 - 2*g. Suppose 5*c - 3*d + 46 + 19 = 0, 4*d = c + 30. What are the prime factors of n(c)?
2, 11
Let n = 1961 + 524. What are the prime factors of ((-12)/(-7))/(5/n)?
2, 3, 71
Suppose -p + 59 = -2*a, -4*p + a = p - 295. Suppose p*x = 61*x - 4. Suppose 3*y = x*y + 141. What are the prime factors of y?
3, 47
Suppose -50 = -3*d - 5*s - 0*s, -79 = -5*d - 4*s. Suppose -10*w + 4*v = -d*w + 409, -4*w + 5*v = -319. What are the prime factors of w?
3
List the prime factors of (75 - -4)*(-36)/27*(-33)/4.
11, 79
Let s = -94 - -50. Let u = -88 - -26. Let k = s - u. What are the prime factors of k?
2, 3
Let c be (-448)/(-392) - (-12)/14. Suppose 2*o - 493 = c*u + 499, 0 = -u + 4. List the prime factors of o.
2, 5
Let v = 211 - 127. Let c = v + -82. Suppose 354 = 4*t - 2*u, c*t - 2*u - 13 = 159. List the prime factors of t.
7, 13
Let j be 4356